-2 - (-2 + (5 - (14 - 9)))?
0
Evaluate 16 + -34 + 26 + 21.
29
(41 - 25) + (-4 - -2 - -5 - 8)
11
Calculate -3 + -8 + (23 - -12).
24
Calculate -7 + (46 - 35) + (-2 - -1).
3
(10 - 26) + 21 - 18
-13
What is the value of -8 - (76 + -77 + (-13 - 0))?
6
What is the value of (32 - 15 - 11) + -46 + 13?
-27
What is the value of (-42 - (-37 - -16)) + 7?
-14
Calculate -21 - (-3 + 3 - -1 - 11 - 1).
-10
-8 + 57 + 0 - 6 - 12
31
Evaluate 0 + -11 + -3 + (1 - (-10 - -9)).
-12
What is (-4 - 2) + (-2 - (0 + 1 + -7))?
-2
(-1 - 0 - (4 + -18)) + 297 + -301
9
Calculate -6 + (-1 - (1 - ((5 - 1) + -3))).
-7
What is the value of (113 - 108) + (-1 - (2 - 5))?
7
What is the value of 5 - -8 - (44 - -1)?
-32
Calculate (120 - 165) + 2 + 37.
-6
Evaluate 10 - (-4 + (-10 - -27)) - (-6 - 1).
4
Evaluate 12 + (-12 - (4 - 7) - -14) + -5.
12
-10 + (-6 - 3 - -14) + 9
4
Evaluate -10 + 18 + -20 - -21.
9
Calculate -8 - ((0 - (-5 - -2)) + -6 + 7).
-12
4 + (-5 - -10) - (-3 + 8) - 21
-17
(-1 + -4 - (-161 - -162)) + 21
15
Evaluate 9 + (1 + 9 + -3 + -11 - -8).
13
0 - 7 - ((35 - 44) + (0 - 5))
7
Calculate 10 + -6 + 14 + -9.
9
Calculate (-6 + 8 - 3) + -2 + 7 + 6.
10
Calculate -2 + 11 - (0 - -4).
5
1 - (-7 - 0 - (-2 + -21))
-15
What is 10 - (2 + 1 - (-114 + 121))?
14
Calculate 30 + (-44 - -19 - -8) + 9 + 0.
22
13 + (-5 - (8 + (13 - 7)))
-6
Calculate 2 - -24 - (20 - 17).
23
What is 1 + 1 - (16 + -19 + (8 - -1))?
-4
Evaluate -3 + 0 - (14 - (24 - 12)).
-5
What is (3 - 0 - 3) + 3 + -5 + 6?
4
(-36 - -8) + (10 - -44)
26
(-11 - -12) + 16 + 0
17
What is 10 + 0 + -27 + -1 + 10 + 5?
-3
(-5 - (4 - 12)) + -21
-18
What is -1 + -21 + 24 + -8?
-6
Evaluate -2 + (11 - (-1 - 1)) + -8.
3
What is the value of (-7 + -1 - (1 + -30 + 16)) + 5?
10
Calculate 39 - 2 - (1246 + -1204).
-5
Calculate 25 - (15 - (9 + 3)).
22
-2 + -16 + -3 + -1 - (176 + -181)
-17
What is (19 - (16 + (-14 - -16))) + (-3 - -1)?
-1
Calculate -112 - -122 - (-1 - -5).
6
(-18 - 2 - -5) + 18
3
Calculate 6 - ((13 - 5) + 7 + -7).
-2
What is the value of -4 - ((15 - -7) + -46)?
20
Calculate (22 - (-4 - (-6 - 5))) + 3.
18
Calculate 0 + 6 + 14 + -10 - (196 - 213).
27
Evaluate -7 + 0 + (29 + -19 - (-32 + 2)).
33
-3 + 10 + -1 + -96 + 64
-26
What is the value of -4 + (-10 - -1) - (-5 - 2)?
-6
Calculate (6 - (-26 + 27)) + -1 + -3.
1
What is the value of 34 + (-6 - 41) - (-14 + 1 + 1)?
-1
Evaluate 89 - 97 - (-6 - -2).
-4
Calculate 14 + 15 + -44 + 10.
-5
Calculate -5 + (16 + -8 - 7) + -5 + 1.
-8
What is 19 + 7 + -10 + -48 + (-1 - -8)?
-25
What is 4 - ((-8 - -22) + -18 + (5 - 2))?
5
Evaluate -5 + -2 + 1 + (-10 - (4 + -21)).
1
Evaluate -4 + 8 + (-7 - 2) + 3 + 5.
3
What is -2 + -2 + (-7 - (-10 - -6)) - -21?
14
Calculate 15 - (32 - 12) - (2 + 12).
-19
(0 + -2 - -14 - 1) + 248 + -253
6
What is the value of 9 - ((28 - 31) + -2 + 29)?
-15
What is the value of (-8 - (6 + -2)) + (-1 - (-7 + 12))?
-18
What is the value of -28 + (12 - (-6 + -6 + 14))?
-18
48 + -37 + 2 - (16 - -1)
-4
What is the value of (5 + -17 - -16) + -1?
3
Evaluate 1 + -15 + 20 + 3 + 3.
12
Calculate 6 - ((-7 - -2) + (-6 - 11) + 46).
-18
Calculate (4 - 0) + 20 - (-8 - 6 - -25).
13
Calculate -4 - -3 - (4 + -3) - -4.
2
-8 + 11 + -2 + -14
-13
Calculate 26 + 5 + -8 + 13 + -10.
26
Calculate 7 + (18 - 0 - (10 + -2)) + -7.
10
Evaluate 6 + -21 + -22 + 18.
-19
Evaluate 6 + (1 - (12 - 5)) - (-2 + -9).
11
-7 - (-22 + 15 - (1 - 4)) - 2
-5
What is the value of -27 - -46 - (37 + -8)?
-10
Calculate (-18 - (-56 + 19)) + -5.
14
3 + -2 + -1 + 24 + (18 - 20)
22
Calculate -12 + 16 + -10 - (-3 - -1 - 20).
16
(0 - 4) + 4 + -7 + (-6 - -12)
-1
-5 + (-4 + (6 - -6) - 3) + 27
27
Evaluate 0 + 7 + -4 + -3 - (-33 - -27).
6
What is (16 - (8 + -6)) + -8?
6
-22 - ((10 - 48) + 34)
-18
(-1 - (4 - -14)) + (1 + 5 - 4)
-17
-1 + 7 + -3 - 4 - (17 - 14)
-4
What is the value of (41 - 48) + (19 - 5)?
7
Calculate -8 + (-16 - (-19 - 29)).
24
Evaluate 2 - (5 + 17) - -38.
18
Evaluate (27 - 7) + -10 + -8 - -4.
6
(-9 - -31) + (10 - 3) - (-10 - -16)
23
What is the value of (-18 - (18 + -17)) + 12 + 33 + -1?
25
Evaluate 16 + -12 + -13 + (0 - 3 - 26).
-38
Evaluate (-9 - (-4 + -1)) + -2 + 7 + -8.
-7
What is 68 + -73 + (-2 - -7)?
0
Calculate 30 - 23 - ((10 - 2) + 0) - 1.
-2
-1 + 1 + -5 + 8 + -1
2
What is the value of 6 - (-25 + 47 - 45)?
29
Calculate 2 + 16 + -10 + -9 + 14.
13
Calculate (-3 - 9) + -28 + 28.
-12
Calculate 80 + -76 - (-10 + 0 + 2).
12
Calculate -43 - -41 - (16 + (-7 - -2) - -2).
-15
Evaluate 16 + -8 + (2 - (-4 + 4)).
10
Evaluate -2 + (5 - 12) + (-1 - 1).
-11
What is -2 + -6 + -2 + -9?
-19
Evaluate (1 - (-5 + -4 + -2)) + 34 + -47.
-1
What is the value of -1 + -41 + (2 - 1 - (441 + -450))?
-32
7 - (-10 + 1 - -6 - -2)
8
What is (6 - ((-8 - 6) + 8)) + -9 + 2?
5
What is -6 - ((-5 - (35 - 8)) + 9 + 0)?
17
What is the value of -23 - (20 - 33 - -7)?
-17
What is 2 + 1 + 1 + (-20 - -13) - -2?
-1
What is (0 + -1 - (7 - -1)) + 2216 + -2219?
-12
Calculate (-2 - (-16 + -1)) + -27 + (4 - -19).
11
Evaluate (-23 + 63 - 30) + (0 - -16).
26
What is 5 + (2 - (3 + 7 + -2)) + -4?
-5
What is the value of 8 - (29 - 33 - (-1 - 5)) - -7?
13
What is the value of -7 - (12 - (32 - 12))?
1
What is the value of 3 + (0 - -5) - 16?
-8
15 - (-26 + 42 + -11)
10
What is the value of 2 + -10 + -6 + 12 - -12?
10
What is the value of -4 + (6 + -11 - -13)?
4
Calculate 15 - (18 + 30 - 23).
-10
What is -3 - 17 - (15 + -18)?
-17
What is -17 + 41 + -17 - ((2 - 9) + 2)?
12
Evaluate -25 + 35 + 37 + -38.
9
(-5 - -31) + -15 + -3
8
What is (-6 + 0 + 10 + -2 - -4) + -5?
1
What is the value of -5 - ((15 - ((-2 - -5) + 4)) + -6)?
-7
Evaluate -21 + 23 + 5 + -18.
-11
What is -99 + 96 - (8 + 3 + -3 + -3)?
-8
Evaluate -9 - ((-8 - -1) + 12 + -5 + -1).
-8
Calculate -9 - (-19 - 12 - (-1 + -2)) - -4.
23
What is the value of 1 + -2 + -4 + 2 + (5 - -2)?
4
What is the value of (37 + -38 - (-1 + -19)) + 4 + 9?
32
Calculate -18 - (-6 + 4 + -7 + 10).
-19
Calculate 10 + -2 + (-5 - (-2 - (-3 - 0))).
2
Evaluate 27 - 26 - (5 - (8 + 5)).
9
Evaluate (-5 - 1) + (5 + -1 - (16 + -13)).
-5
What is the value of 27 + -1 + -1027 + 1005?
4
Calculate (13 - -27) + 4 - 60.
-16
Evaluate 7 + 16 - 18 - -12.
17
Calculate (3 + -20 - -46) + -20.
9
Evaluate (-8 - -3 - -5) + (-10 - -5) + 14.
9
What is the value of (-136 - -138) + (-1 - -5)?
6
Calculate (128 - 103) + (-10 - -2).
17
Calculate (0 - -1 - 7) + (-95 + 41 - -58).
-2
Calculate (-9 - 0) + 0 + (13 - (48 + -33)).
-11
-13 + (1 - (1 + -9))
-4
Evaluate -22 - 15 - -25 - 8.
-20
Calculate -26 + 22 + -4 + 4.
-4
What is (2 - 20) + 14 + 22?
18
What is the value of -1 + 2 + -2 + (44 - 52)?
-9
What is the value of -1 + -3 - -7 - (-31 + 40) - 6?
-12
What is the value of -1 + 3 + -7 + (21 - 23) - -38?
31
-2 + 11 + (31 - 15 - 31)
-6
Evaluate 22 + -21 - (-9 + 4) - -6.
12
Evaluate 2 - (68 + -75 + (1 - -3)).
5
Evaluate (3 + 0 + -5 - 0) + (11 - 5).
4
What is the value of 201 - 204 - (-5 + -2 + (1 - 1))?
4
Calculate (3 - (-11 + (0 - -8))) + 1 + -21.
-14
Evaluate 21 - ((-30 - (7 - 8)) + 16).
34
Evaluate -8 + (-15 + 13 - 5).
-15
Calculate -14 - (-5 + -4 + -14).
9
Evaluate 2 + 2 + -22 + -3 + 11.
-10
Evaluate 18 + 9 - (13 + -34 + 33).
15
Evaluate 5 - 24 - (-3 + (10 - 2)).
-24
What is -28 + (8 - (-18 + 22) - -13)?
-11
1 + -2 - (25 + -6 - 24)
4
Evaluate -14 + -2 + -1 + 5.
-12
Calculate 23 + -7 + 25 - 24.
17
What is the value of -4 - ((-17 - -7 - -7) + -10)?
9
What is 9 - ((-12 - -14 - 2) + 8)?
1
Evaluate 13 - (-35 + 2 + 20).
26
What is -6 - (-4 - (-8 + -2 + 1 - -5))?
-6
Evaluate -26 - 13 - (7 - -10) - -17.
-39
Calculate -29 + -27 + 60 + -1 + 12 - -9.
24
What is the value of 234 + -237 + (21 - -2)?
20
-7 - (-1 - -29 - 29)
-6
6 + (-2 - -13) - (1 + -1 - -5)
12
What is the value of 6 + 2 - (8 - (10 - -8))?
18
What is the value of (-15 - -26) + (-7 - -6)?
10
(-42 + 7 + -1 - (-15 - -4)) + -6
-31
What is the value of 28 + (23 - 51) - (-4 + -1)?
5
4 - ((3 - (-21 + 12)) + -10)
2
What is (-4 - -7) + (-23 - (-5 + 8) - -6)?
-17
What is 17 - (2 + -1) - 3?
13
What is the value of -8 - -16 - (-14 - -8) - 14?
0
Calculate 880 + -862 + -1 + -17 + (-22 - 0).
-22
Calculate (3 - 4) + 0 + (5 - -2) + 2.
8
32 + (5 - 3) + (-53 - -43) + -11
13
1 + (10 - (9 - 7 - -12))
-3
Evaluate (-11 - -9 - 3) + (1 - -1) + 1.
-2
-135 + 139 + -7 + (1 - 0)
-2
Evaluate 24 + -4 + -1 - 8 - 7.
4
Evaluate -12 - (7 - -8 - 40).
13
-115 + 129 